 + 40. What is the highest common divisor of w and 10?
10
Let p(g) = -4*g + 1. Let m(v) = v**2 - 13*v - 6. Let f be m(13). Let r be p(f). What is the greatest common divisor of r and 5?
5
Let g = -6 - -7. Suppose -32 = -4*w - 3*k + 80, 70 = 2*w - 2*k. Let a = w - g. What is the greatest common divisor of a and 75?
15
Let q be ((-6)/(-1))/(-7 - -8). Calculate the highest common factor of 42 and q.
6
Suppose -80 = -3*w - 20. Let g = 57 + -27. Calculate the greatest common factor of g and w.
10
Let y(b) = -b**2 + 12*b - 7. Let m be y(9). What is the highest common divisor of m and 10?
10
Let p = 0 + 17. Let z be 6*(4 - (-280)/15). Calculate the greatest common divisor of z and p.
17
Let n be 2 - -1 - (-132)/6. What is the greatest common factor of n and 100?
25
Let c(p) = p**3 + 9*p**2 - 2*p - 6. Let f be c(-9). Let y(n) = -6*n - 24. Let v be y(-8). Calculate the highest common factor of v and f.
12
Let o be (-2)/3 - (-1)/(-3). Let t = 4 + o. Suppose d + d - 4*h = 18, 12 = -4*d - 4*h. Calculate the highest common factor of t and d.
1
Let g = -11 + 25. Let n(w) = -5*w - 13. Suppose 0 = i - 0*i + 11. Let h be n(i). Calculate the greatest common divisor of h and g.
14
Suppose -2*b + 3*c = -20, -4*c + 5 = -b + 10. What is the highest common divisor of b and 65?
13
Let p = -40 - -57. Suppose l - 5*o = 9 + p, -4*l + 29 = -5*o. Calculate the highest common divisor of 1 and l.
1
Let v = 17 + -3. What is the highest common divisor of v and 126?
14
Let q be 5 - (-1 - -2)*-1. Suppose 0 = 4*c + x - 22, 2*x = 3*c + x - 20. What is the highest common factor of c and q?
6
Let l be 2/(20/(-6) + 3). Let q be 0*3/l - -12. Calculate the highest common factor of 24 and q.
12
Let d be 19067/46 + 2/(-4). Calculate the greatest common factor of d and 23.
23
Suppose 5*y = -10, -110 = -5*d - 3*y + 64. Calculate the greatest common divisor of d and 180.
36
Let g be 1/((-3)/(-117)*3). Calculate the highest common factor of 26 and g.
13
Let o = -24 - -27. Calculate the greatest common divisor of o and 2.
1
Let o(n) = 22*n - 6 + 6. Let h be o(6). Suppose -11 = 5*u - 71. What is the highest common factor of u and h?
12
Let s = 1 + -3. Let v be (s/(-2))/((-2)/(-4)). Let a = 19 - 11. What is the greatest common divisor of a and v?
2
Suppose 0*r - 19 = -2*r + i, 55 = 5*r - i. What is the greatest common factor of 24 and r?
12
Suppose 0 = -4*x + x + 288. Calculate the greatest common factor of 32 and x.
32
Let k be 1*(-7)/(7/(-6)). Let v = -45 - -87. What is the greatest common factor of v and k?
6
Let c(t) = -28*t + 1. Let l be c(2). Let z = l + 92. Let o = z - 22. What is the greatest common factor of 3 and o?
3
Let l(o) = -2*o - 4. Let k be l(-4). Calculate the greatest common divisor of k and 44.
4
Suppose 9*o - 48 = 6*o. What is the greatest common divisor of o and 80?
16
Let h(m) = m**2 + 6*m - 1. Let v be h(5). Calculate the greatest common factor of 6 and v.
6
Suppose -z + 5*h = -5*z + 60, 0 = -4*z - 4*h + 64. Let c = 288 - 248. What is the highest common factor of z and c?
20
Let s = 369 + -241. Calculate the greatest common factor of s and 16.
16
Suppose -144 = 6*h - 7*h. Let m = h + -78. What is the highest common divisor of m and 44?
22
Let c(r) = -10*r + 2. Let a be c(-4). Suppose 4*u = u + a. Let n be 14*1/(1/11). Calculate the highest common divisor of n and u.
14
Suppose 2*b - 21 = -3. Calculate the greatest common factor of b and 45.
9
Let j = -79 - -52. Let x = j - -41. Suppose -n = -3*f - 18, 0 = 2*n - 6*n - 3*f + 87. Calculate the highest common factor of n and x.
7
Let l = 15 + 0. Suppose 0 = -p + 3*t + 48, 3*p = -p + 4*t + 184. What is the highest common factor of p and l?
15
Suppose 6*l + 8 = 8*l. Calculate the greatest common factor of l and 44.
4
Suppose 3*l - 2*q - 6 = 12, -l + 2*q = -10. What is the greatest common divisor of 20 and l?
4
Let g(b) be the third derivative of b**5/60 - b**4/12 - b**3/2 + b**2. Let n be g(-6). What is the highest common divisor of 9 and n?
9
Let c(x) = -2*x**3 + 1. Let b be c(-1). Suppose -3*y + y + 43 = b*s, s + y = 15. Calculate the highest common factor of s and 52.
13
Suppose 6*g = g + 10. Suppose 3*t = -t. Suppose t*s + g = s. What is the greatest common divisor of s and 14?
2
Suppose -8*u + 11 = -13. What is the highest common divisor of u and 45?
3
Let a be ((-3)/(-1))/1*(-20)/(-30). Calculate the highest common divisor of a and 18.
2
Suppose -3 = 4*y + 3*d, y - 3*d + 0 = 3. Suppose -4*p - 5*f + 215 = y, p - 16 - 64 = 4*f. Let x = -6 + 21. What is the highest common divisor of p and x?
15
Let h(s) = -6 + s + s**2 + 3*s + 0*s. Let w be h(-7). Calculate the highest common divisor of w and 75.
15
Let v be -2*(0 + 6 + 3). Let r be (-4)/6 + (-12)/v. Suppose r = -a + 5*a - 200. What is the highest common divisor of a and 25?
25
Suppose 3*a - 233 + 8 = 0. Let l = -9 + 0. Let z be 3 - l/(-6)*-8. Calculate the highest common divisor of a and z.
15
Let h be 2*((-2 - 0) + 3). Let u be 11*(3 - h) + -1. Suppose 3 = 2*p + p. Calculate the greatest common factor of u and p.
1
Let g(x) = -x - 1. Let i be g(-2). Let o be (i + 2)*(-70)/(-3). What is the greatest common factor of 10 and o?
10
Let p = 0 + 2. Suppose -4*l + 146 = 2*s, 5*l - s = p*s + 177. Calculate the greatest common factor of 4 and l.
4
Let r(z) = -z**2 - 9*z - 4. Let u be r(-7). Suppose -p = 2*b + 3*p - 100, 5*b - 5*p = 175. Calculate the greatest common divisor of b and u.
10
Let i be (-120)/1*154/(-35). Suppose 4*d - i = -24. Calculate the greatest common divisor of 14 and d.
14
Let d be 2*(27 + 1) - 1. What is the greatest common divisor of d and 5?
5
Let j(r) = -2*r - 18. Let x be j(-10). Calculate the greatest common divisor of x and 14.
2
Let s = -6 - -13. Let f be -1*(-42)/4*-2. Let a be (-141)/f + 2/7. Calculate the highest common divisor of s and a.
7
Let v = 44 - 13. Let o = -16 + v. Let y = -14 + 19. Calculate the greatest common factor of o and y.
5
Let n(k) = -k**3 + 10*k**2 - 7*k. Let z be n(9). Calculate the highest common factor of z and 9.
9
Let y(w) = 2 - 3*w - 3 + 0*w. Let v be y(-2). What is the highest common divisor of v and 5?
5
Suppose -x = 3, 5*r + 9 = 2*r - 4*x. Let c(m) = -8*m + 9. Let q be c(1). What is the greatest common factor of q and r?
1
Let q = -2 + 2. Let d = 2 - q. Suppose 4*z - 2*r = 88, 2*z = -2*z + 3*r + 92. Calculate the greatest common divisor of d and z.
2
Let y = 31 + -27. Calculate the greatest common divisor of y and 2.
2
Let a = 31 - 17. Calculate the highest common divisor of 70 and a.
14
Let o(v) = -6 + 9*v + 0*v**3 + 7*v**2 + 3*v**3 - 4*v**3. Let h be o(8). Let f be (16/(-10))/(h/(-100)). Calculate the highest common factor of f and 10.
10
Let q be (24/(-9) - 2/(-3)) + 11. What is the highest common divisor of q and 9?
9
Let o(u) = 9 + u**3 + 3 - 3. Let j be o(0). What is the greatest common divisor of 99 and j?
9
Let w(o) = -o**2 + 1. Let y be 2/(-4)*2*5. Let q be w(y). Let j = q - -36. What is the highest common factor of 8 and j?
4
Let c = 19 - 12. Let y = 15 + c. What is the highest common divisor of y and 176?
22
Suppose -2*m + 4 = -m. Let d be 2/m - 644/(-8). Suppose 21 + 24 = 5*b. What is the greatest common factor of d and b?
9
Let n = 377 + -13. What is the highest common divisor of n and 52?
52
Let o(u) = 7*u**2 - u + 2. Let t be o(1). Let y(q) = 25*q + 1. Let m be y(-2). Let k be -1 + -1 - (m + -1). What is the highest common divisor of k and t?
8
Let q(l) = l**2 - 4*l + 6. Let s be q(-5). Calculate the highest common factor of 510 and s.
51
Let l(w) = 3*w + 28. Let j be l(0). What is the greatest common divisor of 308 and j?
28
Suppose -12*p = -10*p - 224. What is the highest common factor of p and 16?
16
Let d(y) = 2*y**2 + 3*y - 3. Let q be d(2). Calculate the greatest common divisor of q and 44.
11
Suppose 0 = 2*x - 2*s - 134 + 20, -2*s + 186 = 3*x. Calculate the greatest common factor of x and 150.
30
Let q be 2 + (3 - -96) + 3. Let i = q + -62. What is the greatest common factor of 28 and i?
14
Let z = -81 - -87. What is the greatest common factor of 66 and z?
6
Let d = -123 - -177. Suppose -1 = g - 4. Suppose -2*c + 41 = u, 3*u + 11 = -g*c + 80. What is the highest common factor of c and d?
18
Suppose 5*p - 2*b - 242 = 0, 3*p - 51 = 2*p + 3*b. Suppose 0*f = -4*f + p. Calculate the greatest common